{"id":54,"date":"2016-01-18T13:42:17","date_gmt":"2016-01-18T13:42:17","guid":{"rendered":"http:\/\/localhost\/wordpress\/freesia-empire\/?page_id=54"},"modified":"2020-10-22T20:35:26","modified_gmt":"2020-10-22T23:35:26","slug":"tomografia","status":"publish","type":"page","link":"https:\/\/santacasadecururupu.org.br\/index.php\/portfolio\/tomografia\/","title":{"rendered":"Tomografia"},"content":{"rendered":"<p>A tomografia computadorizada \u00e9 um\u00a0<strong>exame que fornece imagens detalhadas das estruturas do corpo<\/strong>, incluindo \u00f3rg\u00e3os internos e ossos. Ela utiliza o raio-X para realizar radiografias transversais do corpo, ou seja, s\u00e3o captadas imagens de fatias de todo o organismo.<\/p>\n<p><strong>Para que serve<\/strong><\/p>\n<p>Como suas imagens s\u00e3o bem mais\u00a0<strong>detalhadas<\/strong>\u00a0que as do raio-x convencional, a tomografia computadorizada consegue identificar pequenos n\u00f3dulos e tumores. O exame tamb\u00e9m \u00e9 muito\u00a0<strong>eficiente<\/strong>\u00a0para avalia\u00e7\u00f5es dos sistemas vasculares cerebrais e pulmonares. Al\u00e9m disso, no HCor, mais de 40 tipos de tomografia (veja abaixo).<\/p>\n<p><strong>Como \u00e9 feita<\/strong><\/p>\n<p>Deitado na maca do equipamento, o paciente recebe orienta\u00e7\u00f5es de como se posicionar durante o exame. Uma m\u00e1quina ao redor do paciente realiza as radiografias em poucos minutos, enquanto a maca avan\u00e7a lentamente pelo local em que as imagens s\u00e3o captadas. Em alguns casos, \u00e9 preciso que o paciente tome contraste antes do exame para real\u00e7ar algumas estruturas do corpo nas imagens.<\/p>\n<p><strong>Preparo e contraindica\u00e7\u00f5es<\/strong><\/p>\n<p>O preparo varia muito de acordo com o tipo de tomografia que ser\u00e1 realizada. \u00c9 comum ser solicitado jejum ao paciente, especialmente se ele tiver que tomar contraste. O exame \u00e9 contraindicado em mulheres gr\u00e1vidas e em pacientes que tenham alergia a iodo. O uso de qualquer medicamento deve ser informado no agendamento da tomografia.<\/p>\n","protected":false},"excerpt":{"rendered":"<p>A tomografia computadorizada \u00e9 um\u00a0exame que fornece imagens detalhadas das estruturas do corpo, incluindo \u00f3rg\u00e3os internos e ossos. Ela utiliza o raio-X para realizar radiografias transversais do corpo, ou seja, s\u00e3o captadas imagens de fatias de todo o organismo. Para que serve Como suas imagens s\u00e3o bem mais\u00a0detalhadas\u00a0que as do raio-x convencional, a tomografia computadorizada consegue identificar pequenos n\u00f3dulos e tumores. O exame tamb\u00e9m \u00e9&hellip; <\/p>\n","protected":false},"author":1,"featured_media":400,"parent":52,"menu_order":0,"comment_status":"closed","ping_status":"closed","template":"","meta":{"footnotes":""},"_links":{"self":[{"href":"https:\/\/santacasadecururupu.org.br\/index.php\/wp-json\/wp\/v2\/pages\/54"}],"collection":[{"href":"https:\/\/santacasadecururupu.org.br\/index.php\/wp-json\/wp\/v2\/pages"}],"about":[{"href":"https:\/\/santacasadecururupu.org.br\/index.php\/wp-json\/wp\/v2\/types\/page"}],"author":[{"embeddable":true,"href":"https:\/\/santacasadecururupu.org.br\/index.php\/wp-json\/wp\/v2\/users\/1"}],"replies":[{"embeddable":true,"href":"https:\/\/santacasadecururupu.org.br\/index.php\/wp-json\/wp\/v2\/comments?post=54"}],"version-history":[{"count":3,"href":"https:\/\/santacasadecururupu.org.br\/index.php\/wp-json\/wp\/v2\/pages\/54\/revisions"}],"predecessor-version":[{"id":439,"href":"https:\/\/santacasadecururupu.org.br\/index.php\/wp-json\/wp\/v2\/pages\/54\/revisions\/439"}],"up":[{"embeddable":true,"href":"https:\/\/santacasadecururupu.org.br\/index.php\/wp-json\/wp\/v2\/pages\/52"}],"wp:featuredmedia":[{"embeddable":true,"href":"https:\/\/santacasadecururupu.org.br\/index.php\/wp-json\/wp\/v2\/media\/400"}],"wp:attachment":[{"href":"https:\/\/santacasadecururupu.org.br\/index.php\/wp-json\/wp\/v2\/media?parent=54"}],"curies":[{"name":"wp","href":"https:\/\/api.w.org\/{rel}","templated":true}]}}